{"id":1703,"date":"2022-01-25T17:00:17","date_gmt":"2022-01-25T17:00:17","guid":{"rendered":"https:\/\/www.aiso-outplacement.it\/?page_id=1703"},"modified":"2024-02-22T12:53:17","modified_gmt":"2024-02-22T12:53:17","slug":"l-associazione","status":"publish","type":"page","link":"https:\/\/www.aiso-outplacement.it\/?page_id=1703","title":{"rendered":"L&#8217;associazione"},"content":{"rendered":"\n<div style=\"height:30px\" aria-hidden=\"true\" class=\"wp-block-spacer\"><\/div>\n\n\n\n<div class=\"wp-block-columns has-background is-layout-flex wp-container-core-columns-is-layout-9d6595d7 wp-block-columns-is-layout-flex\" style=\"background-color:#eaeaea\">\n<div class=\"wp-block-column is-layout-flow wp-block-column-is-layout-flow\">\n<p class=\"has-text-align-center\"><strong><a href=\"https:\/\/www.aiso-outplacement.it\/?page_id=1703\" data-type=\"page\" data-id=\"1703\">L&#8217;ASSOCIAZIONE<\/a><\/strong><\/p>\n<\/div>\n\n\n\n<div class=\"wp-block-column is-layout-flow wp-block-column-is-layout-flow\">\n<p class=\"has-text-align-center\"><strong><a href=\"https:\/\/www.aiso-outplacement.it\/?page_id=1723\" data-type=\"page\" data-id=\"1723\">SOCIETA&#8217; ADERENTI<\/a><\/strong><\/p>\n<\/div>\n\n\n\n<div class=\"wp-block-column is-layout-flow wp-block-column-is-layout-flow\">\n<p class=\"has-text-align-center\"><strong><a href=\"https:\/\/www.aiso-outplacement.it\/?page_id=1728\" data-type=\"page\" data-id=\"1728\">CODICE ETICO<\/a><\/strong><\/p>\n<\/div>\n\n\n\n<div class=\"wp-block-column is-layout-flow wp-block-column-is-layout-flow\">\n<p class=\"has-text-align-center\"><strong><a href=\"https:\/\/www.aiso-outplacement.it\/?page_id=1733\" data-type=\"page\" data-id=\"1733\">STATUTO &amp; REGOLAMENTO<\/a><\/strong><\/p>\n<\/div>\n<\/div>\n\n\n\n<div style=\"height:100px\" aria-hidden=\"true\" class=\"wp-block-spacer\"><\/div>\n\n\n\n<h2 class=\"wp-block-heading\" id=\"l-associazione\">L&#8217;Associazione<\/h2>\n\n\n\n<p class=\"has-medium-font-size\">AISO (Associazione Italiana Societ\u00e0 di Outplacement) \u00e8 l\u2019associazione che riunisce in Italia le principali societ\u00e0 che operano professionalmente nel campo dell\u2019Outplacement, ovvero del supporto alla ricollocazione professionale. Nata nel 1988 AISO ha l\u2019obiettivo di diffondere e rappresentare la cultura dell\u2019Outplacement in Italia.<\/p>\n\n\n\n<p>L\u2019Associazione \u00e8 regolata da uno <a href=\"https:\/\/www.aiso-outplacement.it\/aiso\/statuto-regolamento#statuto\">statuto<\/a> in cui vengono anche definiti gli obiettivi fondamentali che l\u2019Associazione stessa persegue.<\/p>\n\n\n\n<p>Il principale tra questi \u00e8 quello di creare le condizioni affinch\u00e9 le Aziende associate costituiscano un polo di eccellenza professionale nel segmento specifico e di fornire la massima garanzia al mercato in tal senso.<\/p>\n\n\n\n<p>A tale scopo l\u2019Associazione ha elaborato un sistema di standard particolarmente rigorosi, che impegnano le Societ\u00e0 aderenti ad operare in termini di qualit\u00e0 e trasparenza i pi\u00f9 elevati possibile, onde garantire risultati certi e misurabili. impiegando esse consulenti certificati sulla base di standard internazionalmente riconosciuti e curando un costante aggiornamento delle metodologie (concetti riportati nel <a href=\"https:\/\/www.aiso-outplacement.it\/aiso\/statuto-regolamento#regolamento\">regolamento<\/a>).<\/p>\n\n\n\n<figure class=\"wp-block-image alignfull size-large\"><img loading=\"lazy\" decoding=\"async\" width=\"1024\" height=\"607\" src=\"https:\/\/www.aiso-outplacement.it\/wp-content\/uploads\/2022\/01\/asso-1024x607.jpg\" alt=\"\" class=\"wp-image-2053\" srcset=\"https:\/\/www.aiso-outplacement.it\/wp-content\/uploads\/2022\/01\/asso-1024x607.jpg 1024w, https:\/\/www.aiso-outplacement.it\/wp-content\/uploads\/2022\/01\/asso-300x178.jpg 300w, https:\/\/www.aiso-outplacement.it\/wp-content\/uploads\/2022\/01\/asso-768x456.jpg 768w, https:\/\/www.aiso-outplacement.it\/wp-content\/uploads\/2022\/01\/asso.jpg 1143w\" sizes=\"auto, (max-width: 1024px) 100vw, 1024px\" \/><\/figure>\n\n\n\n<p class=\"has-large-font-size\"><span style=\"color:#ecc777\" class=\"tadv-color\">L\u2019<strong>Associazione Italiana Societ\u00e0 di Outplacement<\/strong> si propone di:<\/span><\/p>\n\n\n\n<p>Creare un organismo unitario che operi in tutte quelle occasioni e contingenze nelle quali la rappresentanza comune delle Societ\u00e0 e delle Divisioni che svolgono attivit\u00e0 di \u201dSupporto alla Ricollocazione Professionale\u201d e di \u201cConsulenza e Gestione della Carriera\u201d sia utile, conveniente e opportuna. 2<\/p>\n\n\n\n<p><strong>Diffondere nelle aziende italiane e nel pubblico la conoscenza dell\u2019attivit\u00e0 di Supporto alla Ricollocazione Professionale e di Consulenza e Gestione della Carriera, promuovendone la professione e la valorizzazione dell\u2019immagine.<\/strong> 3<\/p>\n\n\n\n<p>Diffondere, far conoscere, difendere e rispettare il codice di etica professionale del proprio statuto. 4<\/p>\n\n\n\n<p>Rappresentare unitariamente i Soci nei confronti di terzi di ogni tipo ed in particolare Autorit\u00e0, Enti, Organizzazioni, Associazioni e simili, nazionali ed esteri, per la tutela degli interessi di carattere generale sul piano interno ed internazionale. 5<\/p>\n\n\n\n<p><strong>Promuovere ed incrementare lo sviluppo della professione<\/strong>, patrocinare ed anche attuare, ove conveniente, lo studio dei problemi di carattere tecnico, economico e finanziario comuni. 6<\/p>\n\n\n\n<p><strong>Individuare, promuovere e mantenere standard di qualit\u00e0<\/strong> nell\u2019erogazione dei servizi da parte dei Soci. 7<\/p>\n\n\n\n<p>Creare, organizzare e gestire attivit\u00e0 e servizi che rappresentano un interesse comune perl\u2019insieme dei Soci, anche attraverso la costituzione di organismi stabili o ad hoc. 8<\/p>\n\n\n\n<p>Partecipare alle manifestazioni nazionali o internazionali relative alla sua attivit\u00e0. 9<\/p>\n\n\n\n<p>Intrattenere e consolidare, costantemente, i legami di collaborazione e solidariet\u00e0 tra i Soci, fornendo a ciascuno la pi\u00f9 ampia assistenza morale e materiale, nei limiti del rispetto degli interessi generali e particolari. 10<\/p>\n\n\n\n<p>Ricercare l\u2019amichevole composizione di eventuali controversie fra i Soci, ove le stesse vengano volontariamente sottoposte all\u2019Associazione dagli interessati. 11<\/p>\n\n\n\n<p>Divulgare fra i Soci le notizie riguardanti la professione, nei limiti della tutela degli interessi dei singoli Soci. 12<\/p>\n\n\n\n<p>Adempiere a tutti gli altri compiti che, nell&#8217;interesse comune, i Soci intendessero affidare all&#8217;Associazione. 13<\/p>\n\n\n\n<p>Esercitare tutti i diritti e le facolt\u00e0 previste dalla legislazione vigente. 14<\/p>\n\n\n\n<p><strong>Impegnare i Soci al reciproco coordinamento nell\u2019ambito delle rispettive attivit\u00e0 e nei rapporti con le Istituzioni e le Associazioni.<\/strong> In particolare verso questi ultimi soggetti, ogni Socio potr\u00e0 agire liberamente, con la sola salvaguardia della non esclusivit\u00e0 nei confronti degli altri Soci AISO, ad esclusione delle iniziative gestite direttamente dall\u2019Associazione. 15<\/p>\n\n\n\n<p><strong>Aderire ad altre Associazioni od Enti nazionali ed esteri che per il loro oggetto possano contribuire alla migliore realizzazione delle sue finalit\u00e0.<\/strong><\/p>\n\n\n\n<p class=\"has-medium-font-size\">L\u2019associazione \u00e8 gestita da un comitato di presidenza composto attualmente da:<\/p>\n\n\n\n<div class=\"wp-block-columns is-layout-flex wp-container-core-columns-is-layout-9d6595d7 wp-block-columns-is-layout-flex\">\n<div class=\"wp-block-column is-layout-flow wp-block-column-is-layout-flow\">\n<figure class=\"wp-block-image aligncenter size-full\"><img loading=\"lazy\" decoding=\"async\" width=\"1203\" height=\"1591\" src=\"https:\/\/www.aiso-outplacement.it\/wp-content\/uploads\/2024\/02\/Cristiano-Pechy.jpg\" alt=\"\" class=\"wp-image-2486\" srcset=\"https:\/\/www.aiso-outplacement.it\/wp-content\/uploads\/2024\/02\/Cristiano-Pechy.jpg 1203w, https:\/\/www.aiso-outplacement.it\/wp-content\/uploads\/2024\/02\/Cristiano-Pechy-227x300.jpg 227w, https:\/\/www.aiso-outplacement.it\/wp-content\/uploads\/2024\/02\/Cristiano-Pechy-774x1024.jpg 774w, https:\/\/www.aiso-outplacement.it\/wp-content\/uploads\/2024\/02\/Cristiano-Pechy-768x1016.jpg 768w, https:\/\/www.aiso-outplacement.it\/wp-content\/uploads\/2024\/02\/Cristiano-Pechy-1161x1536.jpg 1161w\" sizes=\"auto, (max-width: 1203px) 100vw, 1203px\" \/><\/figure>\n\n\n\n<p>Presidente<\/p>\n\n\n\n<h4 class=\"wp-block-heading\" id=\"cristiano-pechy\">Cristiano Pechy<\/h4>\n<\/div>\n\n\n\n<div class=\"wp-block-column is-layout-flow wp-block-column-is-layout-flow\">\n<figure class=\"wp-block-image aligncenter size-full\"><img loading=\"lazy\" decoding=\"async\" width=\"2560\" height=\"1707\" src=\"https:\/\/www.aiso-outplacement.it\/wp-content\/uploads\/2024\/02\/Cetti-Galante_AD_INTOO_Gi-Group-Holding--scaled.jpg\" alt=\"\" class=\"wp-image-2487\" srcset=\"https:\/\/www.aiso-outplacement.it\/wp-content\/uploads\/2024\/02\/Cetti-Galante_AD_INTOO_Gi-Group-Holding--scaled.jpg 2560w, https:\/\/www.aiso-outplacement.it\/wp-content\/uploads\/2024\/02\/Cetti-Galante_AD_INTOO_Gi-Group-Holding--300x200.jpg 300w, https:\/\/www.aiso-outplacement.it\/wp-content\/uploads\/2024\/02\/Cetti-Galante_AD_INTOO_Gi-Group-Holding--1024x683.jpg 1024w, https:\/\/www.aiso-outplacement.it\/wp-content\/uploads\/2024\/02\/Cetti-Galante_AD_INTOO_Gi-Group-Holding--768x512.jpg 768w, https:\/\/www.aiso-outplacement.it\/wp-content\/uploads\/2024\/02\/Cetti-Galante_AD_INTOO_Gi-Group-Holding--1536x1024.jpg 1536w, https:\/\/www.aiso-outplacement.it\/wp-content\/uploads\/2024\/02\/Cetti-Galante_AD_INTOO_Gi-Group-Holding--2048x1365.jpg 2048w\" sizes=\"auto, (max-width: 2560px) 100vw, 2560px\" \/><\/figure>\n\n\n\n<p>Vicepresidente<\/p>\n\n\n\n<h4 class=\"wp-block-heading\" id=\"giulio-bertazzoli\">Cetti Galante<\/h4>\n<\/div>\n\n\n\n<div class=\"wp-block-column is-layout-flow wp-block-column-is-layout-flow\">\n<figure class=\"wp-block-image aligncenter size-full\"><img loading=\"lazy\" decoding=\"async\" width=\"600\" height=\"800\" src=\"https:\/\/www.aiso-outplacement.it\/wp-content\/uploads\/2024\/02\/Ielo.jpg\" alt=\"\" class=\"wp-image-2484\" srcset=\"https:\/\/www.aiso-outplacement.it\/wp-content\/uploads\/2024\/02\/Ielo.jpg 600w, https:\/\/www.aiso-outplacement.it\/wp-content\/uploads\/2024\/02\/Ielo-225x300.jpg 225w\" sizes=\"auto, (max-width: 600px) 100vw, 600px\" \/><\/figure>\n\n\n\n<p>Vicepresidente<\/p>\n\n\n\n<h4 class=\"wp-block-heading\" id=\"roberta-bullo\">Alessandro Ielo<\/h4>\n<\/div>\n\n\n\n<div class=\"wp-block-column is-layout-flow wp-block-column-is-layout-flow\">\n<h4 class=\"wp-block-heading\" id=\"roberta-bullo\"><\/h4>\n<\/div>\n<\/div>\n\n\n\n<div style=\"height:100px\" aria-hidden=\"true\" class=\"wp-block-spacer\"><\/div>\n","protected":false},"excerpt":{"rendered":"<p>L&#8217;ASSOCIAZIONE SOCIETA&#8217; ADERENTI CODICE ETICO STATUTO &amp; REGOLAMENTO L&#8217;Associazione AISO (Associazione Italiana Societ\u00e0 di Outplacement) \u00e8 l\u2019associazione che riunisce in Italia le principali societ\u00e0 che operano professionalmente nel campo dell\u2019Outplacement, ovvero del supporto alla ricollocazione professionale. Nata nel 1988 AISO ha l\u2019obiettivo di diffondere e rappresentare la cultura dell\u2019Outplacement in Italia. L\u2019Associazione \u00e8 regolata da &hellip;<\/p>\n<p class=\"read-more\"> <a class=\"\" href=\"https:\/\/www.aiso-outplacement.it\/?page_id=1703\"> <span class=\"screen-reader-text\">L&#8217;associazione<\/span> Leggi altro &raquo;<\/a><\/p>\n","protected":false},"author":2,"featured_media":0,"parent":0,"menu_order":0,"comment_status":"closed","ping_status":"closed","template":"","meta":{"site-sidebar-layout":"no-sidebar","site-content-layout":"plain-container","ast-main-header-display":"","ast-hfb-above-header-display":"","ast-hfb-mobile-header-display":"","site-post-title":"disabled","ast-breadcrumbs-content":"disabled","ast-featured-img":"disabled","footer-sml-layout":"","theme-transparent-header-meta":"disabled","adv-header-id-meta":"","stick-header-meta":"","header-above-stick-meta":"","header-main-stick-meta":"","header-below-stick-meta":"","footnotes":""},"class_list":["post-1703","page","type-page","status-publish","hentry"],"_links":{"self":[{"href":"https:\/\/www.aiso-outplacement.it\/index.php?rest_route=\/wp\/v2\/pages\/1703","targetHints":{"allow":["GET"]}}],"collection":[{"href":"https:\/\/www.aiso-outplacement.it\/index.php?rest_route=\/wp\/v2\/pages"}],"about":[{"href":"https:\/\/www.aiso-outplacement.it\/index.php?rest_route=\/wp\/v2\/types\/page"}],"author":[{"embeddable":true,"href":"https:\/\/www.aiso-outplacement.it\/index.php?rest_route=\/wp\/v2\/users\/2"}],"replies":[{"embeddable":true,"href":"https:\/\/www.aiso-outplacement.it\/index.php?rest_route=%2Fwp%2Fv2%2Fcomments&post=1703"}],"version-history":[{"count":17,"href":"https:\/\/www.aiso-outplacement.it\/index.php?rest_route=\/wp\/v2\/pages\/1703\/revisions"}],"predecessor-version":[{"id":2492,"href":"https:\/\/www.aiso-outplacement.it\/index.php?rest_route=\/wp\/v2\/pages\/1703\/revisions\/2492"}],"wp:attachment":[{"href":"https:\/\/www.aiso-outplacement.it\/index.php?rest_route=%2Fwp%2Fv2%2Fmedia&parent=1703"}],"curies":[{"name":"wp","href":"https:\/\/api.w.org\/{rel}","templated":true}]}}