{"id":1728,"date":"2022-01-26T20:26:10","date_gmt":"2022-01-26T20:26:10","guid":{"rendered":"https:\/\/www.aiso-outplacement.it\/?page_id=1728"},"modified":"2022-01-30T07:05:11","modified_gmt":"2022-01-30T07:05:11","slug":"codice-etico","status":"publish","type":"page","link":"https:\/\/www.aiso-outplacement.it\/?page_id=1728","title":{"rendered":"Codice Etico"},"content":{"rendered":"\n<div style=\"height:30px\" aria-hidden=\"true\" class=\"wp-block-spacer\"><\/div>\n\n\n\n<div class=\"wp-block-columns has-background is-layout-flex wp-container-core-columns-is-layout-9d6595d7 wp-block-columns-is-layout-flex\" style=\"background-color:#eaeaea\">\n<div class=\"wp-block-column is-layout-flow wp-block-column-is-layout-flow\">\n<p class=\"has-text-align-center\"><strong><a href=\"https:\/\/www.aiso-outplacement.it\/?page_id=1703\" data-type=\"page\" data-id=\"1703\">L&#8217;ASSOCIAZIONE<\/a><\/strong><\/p>\n<\/div>\n\n\n\n<div class=\"wp-block-column is-layout-flow wp-block-column-is-layout-flow\">\n<p class=\"has-text-align-center\"><strong><a href=\"https:\/\/www.aiso-outplacement.it\/?page_id=1723\" data-type=\"page\" data-id=\"1723\">SOCIETA&#8217; ADERENTI<\/a><\/strong><\/p>\n<\/div>\n\n\n\n<div class=\"wp-block-column is-layout-flow wp-block-column-is-layout-flow\">\n<p class=\"has-text-align-center\"><strong><a href=\"https:\/\/www.aiso-outplacement.it\/?page_id=1728\" data-type=\"page\" data-id=\"1728\">CODICE ETICO<\/a><\/strong><\/p>\n<\/div>\n\n\n\n<div class=\"wp-block-column is-layout-flow wp-block-column-is-layout-flow\">\n<p class=\"has-text-align-center\"><strong><a href=\"https:\/\/www.aiso-outplacement.it\/?page_id=1733\" data-type=\"page\" data-id=\"1733\">STATUTO &amp; REGOLAMENTO<\/a><\/strong><\/p>\n<\/div>\n<\/div>\n\n\n\n<div style=\"height:100px\" aria-hidden=\"true\" class=\"wp-block-spacer\"><\/div>\n\n\n\n<h2 class=\"wp-block-heading\" id=\"codice-etico\">Codice Etico<\/h2>\n\n\n\n<p class=\"has-medium-font-size\">Per perseguire i propri obiettivi l\u2019Associazione AISO ha elaborato un sistema di standard particolarmente rigorosi, che impegnano le Societ\u00e0 aderenti ad operare in termini di qualit\u00e0 e trasparenza i pi\u00f9 elevati possibile, onde garantire risultati certi e misurabili.<\/p>\n\n\n\n<h3 class=\"wp-block-heading\" id=\"norme-generali\">Norme generali<\/h3>\n\n\n\n<p>Ogni Socio (il Fornitore del Servizio) accetta solo gli incarichi per i quali si ritiene competente e pu\u00f2 accettare incarichi esclusivamente da parte di un\u2019organizzazione datoriale (il Cliente) che gli affida un incarico di consulenza di carriera o per il reinserimento professionale di un suo o dei suoi dipendenti (il\/i Candidato\/Candidati), escludendo sia l\u2019attivit\u00e0 di Intermediazione tra domanda ed offerta, sia quella di Ricerca e Selezione, altrimenti disciplinate dalla Legge.<\/p>\n\n\n\n<p><strong>I Soci sono impegnati a mantenere un alto livello di professionalit\u00e0<\/strong> e integrit\u00e0 in tutte le loro attivit\u00e0 sia nei confronti dei loro Clienti, sia nei confronti dei Candidati, assicurare lo sviluppo professionale dei propri collaboratori, verificare la qualit\u00e0 ed il comportamento etico dei servizi resi ai Clienti e ai Candidati.<\/p>\n\n\n\n<p>Ogni Socio dovr\u00e0 essere sempre consapevole del duplice rapporto che egli ha con il Cliente e con il\/i Candidato\/i e dovr\u00e0 quindi svolgere l\u2019incarico senza compromettere gli interessi di una parte a favore dell\u2019altra.<\/p>\n\n\n\n<p>Ogni Socio \u00e8 tenuto a rispettare la natura confidenziale delle informazioni comunicate sia dal Cliente sia dal Candidato ed ogni \u201cinformazione privilegiata\u201d non deve essere comunicata a nessun altro soggetto senza una specifica autorizzazione; esse non potranno pertanto essere utilizzate a vantaggio proprio o di terzi.<\/p>\n\n\n\n<p>Il rispetto del segreto professionale si estende a tutti i dipendenti e anche ai collaboratori sia a tempo pieno che occasionale.<\/p>\n\n\n\n<p>Ogni Socio applicher\u00e0 onorari ragionevoli e appropriati alla natura dell\u2019incarico ricevuto. In ogni caso gli elementi tecnici ed economici devono essere di norma precisati in una proposta scritta da sottoporre al Cliente.<\/p>\n\n\n\n<p>I membri dell\u2019Associazione possono svolgere attivit\u00e0 promozionale.<\/p>\n\n\n\n<p>Ogni forma di pubblicit\u00e0 deve essere svolta in modo decoroso e professionale in conformit\u00e0 con le Leggi ed i Regolamenti nazionali, entro i limiti di massima seriet\u00e0 e correttezza.<\/p>\n\n\n\n<p>In particolare:<\/p>\n\n\n\n<ul class=\"wp-block-list\"><li>a Nelle fasi di marketing\/vendita dei propri servizi alle organizzazioni committenti, dai Soci potranno essere evidenziate le attivit\u00e0 svolte e citati i nominativi dei Clienti consenzienti nonch\u00e9 i risultati ottenuti. Sempre nelle predette fasi e verso potenziali candidati (shoppers), ogni Socio dovr\u00e0 fare attenzione a non ingenerare false aspettative. Accenni a introduzioni e conoscenze personali nel mercato, disponibilit\u00e0 ad attivare azioni personali del consulente, promesse di posti di lavoro e discorsi similari devono essere assolutamente evitati e pertanto sono vietati.<\/li><li>b Nelle fasi di gestione degli incarichi ricevuti, i Soci si dovranno attenere ai comportamenti pi\u00f9 avanti evidenziati nei confronti delle organizzazioni committenti. Ugualmente nei confronti dei propri candidati. Tutto ci\u00f2 in base al principio, unanimemente accettato e condiviso, secondo il quale il candidato deve essere il protagonista dell\u2019operazione di Outplacement, sia individuale che di gruppo.<\/li><li>c Analoghi comportamenti dovranno essere tenuti anche verso le parti terze.<\/li><\/ul>\n\n\n\n<p>Ogni Socio non pu\u00f2 impegnarsi in attivit\u00e0 promozionali, di pubbliche relazioni o con media, che implichino dichiarazioni false, fuorvianti, infondate o ingannevoli in merito all\u2019efficacia dei servizi proposti.<\/p>\n\n\n\n<p>\u00c8 nello spirito dell\u2019Associazione promuovere la libera concorrenza nel fornire i servizi di consulenza e nessuno dei suoi membri potr\u00e0 svolgere atti di concorrenza sleale o commettere altre violazioni delle Leggi sull\u2019antitrust e sulla concorrenza.<\/p>\n\n\n\n<p>Ogni Socio dovr\u00e0 imporsi ed imporre ai propri collaboratori un comportamento leale nei riguardi degli altri Associati.<\/p>\n\n\n\n<p>Nel caso in cui un altro Socio lavori presso lo stesso Cliente, si dovr\u00e0 ricercare un clima di costruttiva collaborazione nel migliore interesse del cliente stesso.<\/p>\n\n\n\n<p>I Soci si impegnano, nell\u2019ambito della propria organizzazione, ad esercitare l\u2019attivit\u00e0 di \u201cSupporto alla Ricollocazione Professionale\u201d, cos\u00ec come definita dall\u2019art. 2, comma 1, lettera d) del DL 276\/2003, al fine di facilitare la rioccupazione nel mercato dei prestatori di lavoro, singoli o collettivi, attraverso la preparazione, l\u2019accompagnamento della persona e l\u2019affiancamento della stessa nell\u2019inserimento nella nuova attivit\u00e0, nonch\u00e9 altre attivit\u00e0 consulenziali rientranti nel campo delle Risorse Umane.<\/p>\n\n\n\n<h3 class=\"wp-block-heading\" id=\"outplacement-individuale\">Outplacement individuale<\/h3>\n\n\n\n<p>L\u2019incarico viene conferito dal Cliente ovvero in base ad accordi sindacali da soggetti surroganti il datore di lavoro, e riguarda uno o pi\u00f9 dipendenti (Candidati). Il Socio ed i suoi collaboratori non possono per\u00f2 partecipare alla decisione del Cliente di rescindere il contratto di lavoro con il proprio dipendente, decisione che riguarda esclusivamente il Cliente. L\u2019incarico pu\u00f2 iniziare solo dopo l\u2019assenso del Candidato e l\u2019impegno irrevocabile tra Cliente e Societ\u00e0 consulente.<\/p>\n\n\n\n<p>Il Consulente definisce con il Candidato un bilancio personale e professionale, lo aiuta a precisare il suo \u201cprogetto professionale\u201d e lo guida nella scelta e nell\u2019organizzazione delle azioni da intraprendere per la prosecuzione della sua attivit\u00e0 professionale.<\/p>\n\n\n\n<p><strong>L\u2019azione del Consulente deve adattarsi ad ogni personalit\u00e0 e rispettare, quindi, l\u2019individualit\u00e0 di ogni candidato.<\/strong><\/p>\n\n\n\n<p>Il Consulente non si sostituisce al Candidato in nessun caso ma lo guida ad assumere in pieno il proprio ruolo attivo.<\/p>\n\n\n\n<p>Il Socio ed i suoi Consulenti si impegnano a:<\/p>\n\n\n\n<ul class=\"wp-block-list\"><li>agire in modo corretto e professionale in tutte le fasi dell\u2019incarico, garantendo un alto livello di professionalit\u00e0 e il rispetto dell\u2019autonomia dei Candidati;<\/li><li>mantenere confidenziali le comunicazioni ricevute dalle Parti, rispettando la privacy delle persone coinvolte nel progetto;<\/li><li>continuare nell\u2019incarico fino a quando il Candidato abbia trovato una nuova sistemazione, salvo che il contratto non preveda espressamente un termine di durata dell\u2019assistenza ed esso sia noto al Candidato;<\/li><li>informare regolarmente il Cliente dell\u2019andamento dell\u2019incarico;<\/li><\/ul>\n\n\n\n<p>Ogni assunzione di incarico deve fare riferimento al presente \u201cCodice Etico\u201d.<\/p>\n\n\n\n<div class=\"wp-block-cover is-light\"><span aria-hidden=\"true\" class=\"has-background-dim-100 wp-block-cover__gradient-background has-background-dim\" style=\"background-color:#dfdfdf\"><\/span><div class=\"wp-block-cover__inner-container is-layout-flow wp-block-cover-is-layout-flow\">\n<h3 class=\"wp-block-heading\" id=\"outplacement-collettivo\">Outplacement collettivo<\/h3>\n\n\n\n<p>Compatibilmente con le caratteristiche che determinano, ai sensi dello Statuto, l\u2019Outplacement di gruppo, il Codice etico deve essere rispettato nello svolgimento degli incarichi di Outplacement collettivo.<br>Il carattere specifico di tali programmi pu\u00f2 comportare l\u2019intervento dei consulenti in attivit\u00e0 di job search e pu\u00f2 prevedere l\u2019organizzazione di centri di assistenza ad hoc.<\/p>\n<\/div><\/div>\n\n\n\n<h3 class=\"wp-block-heading\" id=\"servizi-alle-persone\">Servizi alle persone<\/h3>\n\n\n\n<p>I programmi di gestione e sviluppo di carriera sono dedicati a tutti coloro che desiderano orientare consapevolmente le proprie future scelte professionali, con lo scopo di supportare concreti piani di sviluppo e pianificarne le modalit\u00e0 di realizzazione.<br>In considerazione dell\u2019importanza che tali servizi stanno assumendo, i Soci si attiveranno per fornire e sviluppare adeguate proposte, nel rispetto delle norme generali e non escludendo, laddove esistano particolari opportunit\u00e0, di aderire a richieste individuali o collettive finalizzate all\u2019introduzione ed alla diffusione di tali programmi, ove non rechino pregiudizio al dettato di cui al punto II, e purch\u00e9 a carattere non prevalente.<\/p>\n\n\n\n<div style=\"height:100px\" aria-hidden=\"true\" class=\"wp-block-spacer\"><\/div>\n","protected":false},"excerpt":{"rendered":"<p>L&#8217;ASSOCIAZIONE SOCIETA&#8217; ADERENTI CODICE ETICO STATUTO &amp; REGOLAMENTO Codice Etico Per perseguire i propri obiettivi l\u2019Associazione AISO ha elaborato un sistema di standard particolarmente rigorosi, che impegnano le Societ\u00e0 aderenti ad operare in termini di qualit\u00e0 e trasparenza i pi\u00f9 elevati possibile, onde garantire risultati certi e misurabili. Norme generali Ogni Socio (il Fornitore del &hellip;<\/p>\n<p class=\"read-more\"> <a class=\"\" href=\"https:\/\/www.aiso-outplacement.it\/?page_id=1728\"> <span class=\"screen-reader-text\">Codice Etico<\/span> Leggi altro &raquo;<\/a><\/p>\n","protected":false},"author":2,"featured_media":0,"parent":0,"menu_order":0,"comment_status":"closed","ping_status":"closed","template":"","meta":{"site-sidebar-layout":"no-sidebar","site-content-layout":"plain-container","ast-main-header-display":"","ast-hfb-above-header-display":"","ast-hfb-mobile-header-display":"","site-post-title":"disabled","ast-breadcrumbs-content":"disabled","ast-featured-img":"disabled","footer-sml-layout":"","theme-transparent-header-meta":"disabled","adv-header-id-meta":"","stick-header-meta":"","header-above-stick-meta":"","header-main-stick-meta":"","header-below-stick-meta":"","footnotes":""},"class_list":["post-1728","page","type-page","status-publish","hentry"],"_links":{"self":[{"href":"https:\/\/www.aiso-outplacement.it\/index.php?rest_route=\/wp\/v2\/pages\/1728","targetHints":{"allow":["GET"]}}],"collection":[{"href":"https:\/\/www.aiso-outplacement.it\/index.php?rest_route=\/wp\/v2\/pages"}],"about":[{"href":"https:\/\/www.aiso-outplacement.it\/index.php?rest_route=\/wp\/v2\/types\/page"}],"author":[{"embeddable":true,"href":"https:\/\/www.aiso-outplacement.it\/index.php?rest_route=\/wp\/v2\/users\/2"}],"replies":[{"embeddable":true,"href":"https:\/\/www.aiso-outplacement.it\/index.php?rest_route=%2Fwp%2Fv2%2Fcomments&post=1728"}],"version-history":[{"count":6,"href":"https:\/\/www.aiso-outplacement.it\/index.php?rest_route=\/wp\/v2\/pages\/1728\/revisions"}],"predecessor-version":[{"id":2063,"href":"https:\/\/www.aiso-outplacement.it\/index.php?rest_route=\/wp\/v2\/pages\/1728\/revisions\/2063"}],"wp:attachment":[{"href":"https:\/\/www.aiso-outplacement.it\/index.php?rest_route=%2Fwp%2Fv2%2Fmedia&parent=1728"}],"curies":[{"name":"wp","href":"https:\/\/api.w.org\/{rel}","templated":true}]}}